e first derivative of 2/3*o**3 + 11 + 1/2*o**2 - 1/4*o**4 + o. Let l(c) = c - 4. Let y be l(7). Determine t(y).
-5
Let q(x) = -x + 2*x - 2 + 0*x**3 + x**3 + 4*x**2. Let r(a) = -a**3 - 71*a**2 - 208*a - 276. Let t be r(-68). Determine q(t).
-6
Let c(j) = 3*j**2 - 4*j - 5. Let s(b) = -16*b**2 + 19*b + 26. Suppose -2*w + 2*l - 8 = 0, -14 = -2*w + 5*w - 4*l. Let z(y) = w*s(y) - 11*c(y). Give z(7).
-4
Let z be ((1 - 1)/3)/((-6)/(-3)). Let x(r) = r**3 - r**2 - 9. What is x(z)?
-9
Let i = 2 + -4. Let u(a) be the second derivative of a**3/3 + a**2 + 3804*a. What is u(i)?
-2
Let x(q) = -5*q**2 - 7*q + 4. Let k(l) = -27*l**2 - 36*l + 21. Let g(p) = 2*k(p) - 11*x(p). Calculate g(-6).
4
Suppose -2*g + 3 = -l, 5*l = 2*g - 0 + 9. Let f(t) be the first derivative of 0*t**2 - t**3 + 6 + 1/4*t**4 + 2*t. Give f(l).
2
Let c(g) = -9*g**2 + 3*g - 2. Let z(t) = -t. Let b be z(-7). Let w(m) = -28*m**2 + 10*m - 7. Let k(r) = b*c(r) - 2*w(r). Let q = 16 - 15. Calculate k(q).
-6
Let r(l) = 3*l**3 - l**2 - l + 1. Suppose -10 = -4*d - d, 0 = 3*c - 2*d + 1. What is r(c)?
2
Let r = 2 + -9. Let f = r - -14. Let h(l) = -7 + 3*l**2 - 4*l**2 + 4*l + f. Calculate h(3).
3
Let j = -32 - -33. Suppose -o = -j - 1. Let t(a) = 6*a**2 - 4*a**2 + a**3 + 2*a**o - 1. Calculate t(-4).
-1
Let z(g) = 11*g**3 + 15*g**2 - 4*g + 13. Let y(c) = -9*c**3 - 14*c**2 + 5*c - 14. Let t(v) = -6*y(v) - 5*z(v). Give t(8).
3
Let v(u) = u**2 - u + 1. Let l be 2*2/8*10. Let t(n) = -n**3 + 5*n**2 + 1. Let d be t(l). Calculate v(d).
1
Let q be 1 - (-1 - (-4 - -1)). Suppose 30*n - 8 = 28*n. Let x(v) = 55 - 54 + 0*v**2 - n*v**2 + v. Determine x(q).
-4
Let q(o) = -o + 0*o - 4 + 0*o. Give q(0).
-4
Let s(d) = 3*d**2 + 3*d + 1. Let i = -18 + 22. Suppose i*t - 4*u = -0*t + 92, 29 = t - 3*u. Suppose -2*a = -2*f + 3*f + 8, 0 = -2*a - 4*f - t. Determine s(a).
7
Let w(k) = 158*k - 467*k + 10 + 154*k + 150*k. Calculate w(3).
-5
Let i(f) = -2*f + 1 + 2*f - 9 - 2*f. Suppose 7*d = -24 - 25. Determine i(d).
6
Let f(x) = -x**2 - 9*x - 8. Suppose t - 55 = 287. Let z(i) = -8*i + i**2 - t + 342. Let v be z(7). Determine f(v).
6
Let b(z) = -z**2 - 9*z - 1. Let s(f) = f**2 + 10*f + 2. Suppose -2*g = 5*r + 28, -40 + 14 = 4*g - 5*r. Let a be s(g). What is b(a)?
13
Let g(x) = 16*x**3 + 13*x**2 - 7*x - 8. Let i(z) = 9*z**3 + 7*z**2 - 4*z - 4. Let m(v) = 4*g(v) - 7*i(v). Calculate m(-3).
-4
Let a be 8/(-32) + (-138)/(-8). Let x = a + -14. Let n(g) = g**2 - g - 2. Determine n(x).
4
Let p(d) = -d + 5. Let q(h) = -4*h + 22. Let k(b) = -9*p(b) + 2*q(b). Give k(-11).
-12
Suppose 9 + 1 = -5*a. Let h(i) = i**3 - i + 1. Let f be h(a). Let l be 1/(-3)*(f - -8). Let c(z) = -3*z + 1. Give c(l).
4
Let u be 75/(-6)*12/15. Let p be u/4*(-4)/5. Suppose -p*i = i. Let g(y) = y**3 - y - 6. Give g(i).
-6
Let q(y) = y - 4. Let j = 4 - 4. Let l be q(j). Let f(m) = 8*m**3 - 4*m**2 - m + 26. Let a(k) = -3*k**3 + k**2 - 9. Let d(p) = 11*a(p) + 4*f(p). Give d(l).
5
Let q(s) be the second derivative of s**4/12 - 7*s**3/6 + 9*s**2/2 - 2*s. Suppose -6*d = -25 - 11. What is q(d)?
3
Let k(z) be the second derivative of -z**3/6 + 3*z**2 - 4*z - 1. Give k(9).
-3
Let t(q) = -3*q**3 - 6*q**2 - 10*q + 13. Let i(b) = 8*b**3 + 15*b**2 + 29*b - 38. Let x(k) = 4*i(k) + 11*t(k). Determine x(-7).
-2
Let q(l) = -l**2 - 6*l - 6. Let x be ((-10)/(-40))/(2*2/(-16)). Let n be 0 + 5 + (-1 - 1). Let v be (-24)/8 + n/x. What is q(v)?
-6
Let w(n) = -13*n - 6. Let u(o) = 4*o - 15*o - 11*o - 13 - 4*o. Let c(z) = -6*u(z) + 13*w(z). Determine c(1).
-13
Let q(r) = 2*r - 11. Let a be -2 + (-18)/(-2) + 1. Determine q(a).
5
Let m(o) be the third derivative of -o**4/4 + o**3/2 - 55*o**2. What is m(3)?
-15
Let s(k) = 18*k - 10 + k**2 - k**2 - 3*k - k**2. Let z be s(8). Let r(h) = z*h - 4 - 44*h + 2. Give r(2).
2
Let a(b) = 6 - 5 - 5 + 2 + b. Let m = 12 - 8. Suppose -4*g = -2*u + 10, m*g + 2*u + 3 = -11. Determine a(g).
-5
Suppose -4*m = -11 - 25. Suppose -m*d + 12 = -7*d. Let i(x) = -4*x**2 - 8 + 3*x**2 + 2*x**2 - 6*x. Give i(d).
-8
Let g(f) = f. Let s be g(4). Suppose -p + 5*o = p - 29, -22 = -p + s*o. Suppose w - 2*y = 4*w - 8, -p*w = 3*y - 2. Let u(k) = -3*k + 5. What is u(w)?
-7
Let g(a) = 2 + 0*a + 8 + a - 24. Let h(d) = -2. Let b(m) = g(m) - 4*h(m). What is b(8)?
2
Let a = -113 + 115. Suppose 24 = 3*u - u + 2*m, a*u = 4*m - 6. Let y(h) = h**2 - 6*h - 9. Give y(u).
-2
Suppose 0 = -4*w - 5*g, 0 = -87*w + 88*w + 5*g + 15. Let q be (0/(-2))/(-1 - 0). Let j(c) = 6*c - 2*c**2 - 4 - c**3 + 6*c**2 + q*c**3. What is j(w)?
1
Let n be 2/(0 - (-1)/(-2)). Let h(b) = -15*b + 2. Let w(s) = 8*s - 1. Let v(y) = -6*h(y) - 11*w(y). Give v(n).
-9
Let x(o) = o**2 + 3*o + 3. Suppose 0 = 4*z - 5*g + 9 + 17, 0 = 5*g - 10. What is x(z)?
7
Let s = -388 - -383. Let i(p) = -2*p**2 - 7*p + 2. Give i(s).
-13
Let h(o) = 3*o**2 - o - 1. Let a(w) = 6*w**2 - 2*w - 2. Let l = -51 - -47. Let b(s) = l*a(s) + 7*h(s). What is b(-1)?
-3
Let s(f) = f**2 - 5*f + 4. Suppose -4*h + 12 = -h. Let t = h - -1. Let l be s(t). Let v(x) = x**2 - x + 3. What is v(l)?
15
Let v(z) = 10*z. Let n(k) = k**3 + 12*k**2 - k - 10. Let a be n(-12). Let r(x) = -x**3 + 2*x**2 - x + 1. Let l be r(a). Calculate v(l).
-10
Let t be (1836/238)/(-27) - 60/(-14). Let w(d) be the second derivative of -d**3/2 + 5*d**2/2 + d. Calculate w(t).
-7
Let r(q) = 0 - 1 + 2*q + 3*q. Let d = -16 + 17. Let l be r(d). Let g(z) = 2*z - 2. What is g(l)?
6
Let k(m) = 2 + m**2 - 5 + 3*m**3 - 2*m**3. Let v = 33 + -35. Let c be 0/(-3 + v/(-1)). Calculate k(c).
-3
Let u(a) = 0 - 7*a + 3 + 0*a**2 + 2*a**2. Suppose 0 = -2*n - 4*k - 10, n = -4*k - 7 - 4. Let c(p) = 1. Let b(j) = n*u(j) - 3*c(j). What is b(5)?
15
Let a(t) = 8*t + 1. Suppose -4*k + 8 = 0, 4*h + 8 = 5*k - 3*k. Determine a(h).
-7
Let g(v) = -v**3 + 5*v**2 - v + 3. Let j = -66 - -109. Let s = 48 - j. Determine g(s).
-2
Let a(i) be the third derivative of -i**8/6720 - i**7/504 + i**6/90 + i**5/20 + 3*i**4/2 - 43*i**2. Let u(z) be the second derivative of a(z). What is u(-6)?
-6
Let v(u) = u**2 - 13*u - 11. Let s be v(14). Let t(n) = n + 1. Let k be t(-1). Let w(o) = -2*o + s*o + k*o - 2*o. Determine w(-4).
4
Let m(i) = 9*i + 3. Let l(p) = p**2 + 19*p + 77. Let y be l(-14). Calculate m(y).
66
Let r(m) = -13*m - 13 + 39 - 3*m**2 - 9 + m - 10 + m**3. Give r(5).
-3
Suppose -12*s + 14 = -5*s. Let n(b) = b**3 - 2*b**2 - 1. Give n(s).
-1
Let x(r) = -7*r + 0 + 8*r + 0*r - 2. Calculate x(3).
1
Let l(f) = 3*f - 3. Let m be (-2)/(-3) + (-42)/(-18). Suppose 0 = m*x, 12 = 3*z - 2*x + x. Give l(z).
9
Let b(w) = -10*w**3 - 18*w**2 - 16*w + 14. Let q(x) = -7*x**3 - 12*x**2 - 11*x + 9. Let a(n) = 5*b(n) - 7*q(n). Suppose -5*r - 14 = 11. Give a(r).
-3
Let n(g) = -15*g**2 + 16*g - 12*g**2 - 22 + 36*g**2 - 10*g**2. Calculate n(15).
-7
Let g(l) = -3*l**3 - 2*l**2 + 3*l + 1. Let f(u) = -u**3 - 2*u**2 + u. Let q(d) = 2*f(d) - g(d). Give q(0).
-1
Let c(m) = 7 + 3 - 12 - m. Suppose 10 = -3*n - 2*v, 2*n - 3*v + 0 - 15 = 0. Give c(n).
-2
Let s be 4/(((-4)/(-1))/2). Suppose -p = x - 14, -4*x - 4*p = -p - 52. Let g(r) = x - 9 - 2 + s*r - r. Calculate g(3).
2
Let c(v) = 5*v - 256870*v**2 - 1 + v + 0 + 256869*v**2. Let x = -16 + 22. What is c(x)?
-1
Let l(h) = -h**3 + 4*h**2 - 3*h + 1. Let k be l(3). Let f(u) be the third derivative of 7*u**6/60 + u**4/24 - u**3/6 - 34*u**2 - 29. Determine f(k).
14
Let h(s) = 11*s - 5. Let t(j) = -5*j + 2. Suppose 2*u + b = -5, -3*u - 9 + 0 = b. Let a(f) = u*h(f) - 9*t(f). Calculate a(-3).
-1
Let u(j) = -3*j - 1. Let o(w) = w**3 - 3*w + 3. Let q be o(2). Suppose 0 = -q*d + 7 + 8. Suppose -d = -3*z + 3. Give u(z).
-7
Let k(g) = -6*g + 44. Let o be k(11). Let m = o + 23. Let c(y) = 6*y**3 - 2*y**2 + 2*y - 1. Give c(m).
5
Let m(y) = 2*y - 6. Let d(v) = 2*v**3 + 2*v**2 + 4*v - 3 + 4*v**2 - v**3. Let h be d(-5). Suppose 2*s + 4*b + 4 = 0, -5*s + h*b = 3 - 29. Determine m(s).
2
Let m(v) be the third derivative of -v**6/120 - v**5/20 + v**4/12 + 5*v**3/6 + 67*v**2. Calculate m(-4).
13
Suppose -97 = 5*j - 832. Let q(h) = -j - 2*h**2 + 0*h**2 - 9*h**3 + 148. Determine q(1).
-10
Let k(v) = v**2 + v - 1. Let t be 0/((-5)/(5/2)). Suppose t = 4*c - 12 + 12. Determine k(c).
-1
Let a(f) = f**3 - 4*f**2 + f - 2. Let x(z) = -2*z - 20. Let c be x(-12). Suppose -4*y - 4 = c*g, -5*g + 3*y = -3*g - 18. Calculate a(g).
-8
Let b(d) = d